{"id":1292,"date":"2018-10-25T15:26:09","date_gmt":"2018-10-25T15:26:09","guid":{"rendered":"http:\/\/wordpress-89239-751664.cloudwaysapps.com\/?page_id=1292"},"modified":"2019-07-16T20:15:53","modified_gmt":"2019-07-16T20:15:53","slug":"about-homey","status":"publish","type":"page","link":"https:\/\/villarosacefalu.com\/en\/about-homey\/","title":{"rendered":"About Homey"},"content":{"rendered":"<p>[vc_row][vc_column]<div style=\"clear:both; width:100%; height:50px\"><\/div>[vc_single_image image=&#8221;2473&#8243; img_size=&#8221;1200&#215;600&#8243; alignment=&#8221;center&#8221;]<div style=\"clear:both; width:100%; height:50px\"><\/div>[\/vc_column][\/vc_row][vc_row][vc_column width=&#8221;1\/4&#8243;]\t\t<div class=\"homey-module module-title section-title-module text-left \">\r\n\t\t\t<h2 style=\"font-size: 40px; line-height: 60px;\">Chi Sono<\/h2>\r\n\r\n\t\t\t<p style=\"font-size: 18px; line-height: 30px;\" class=\"sub-heading\"><\/p>\r\n\t\t<\/div>\r\n\t\t[\/vc_column][vc_column width=&#8221;3\/4&#8243;][vc_column_text]Era il 2007 quando ho deciso di trasformare la mia abitazione di famiglia in un bed and breakfast. La possibilit\u00e0 di conoscere nuova gente e nuove culture mi ha invogliato a intraprendere questa attivit\u00e0. Il villa Rosa bed and breakfast \u00e8 un punto di riferimento dell\u2019ospitalit\u00e0 per il vostro soggiorno nella citt\u00e0 di Cefal\u00f9.[\/vc_column_text][\/vc_column][\/vc_row][vc_row][vc_column width=&#8221;1\/4&#8243;]\t\t<div class=\"homey-module module-title section-title-module text-left \">\r\n\t\t\t<h2 style=\"font-size: 40px; line-height: 60px;\">La mie passioni<\/h2>\r\n\r\n\t\t\t<p style=\"font-size: 18px; line-height: 30px;\" class=\"sub-heading\"><\/p>\r\n\t\t<\/div>\r\n\t\t[\/vc_column][vc_column width=&#8221;3\/4&#8243;][vc_column_text]Sono un appassionato di tutti gli sport all\u2019aria aperta e a stretto contatto con la natura. Pratico il trekking, la MTB e la corsa in montagna. Conosco gran parte degli itinerari e dei sentieri all\u2019interno dei parchi e delle riserve naturali di Sicilia. Sono sempre disponibile per dare a miei ospiti tutte le informazioni necessarie per meglio organizzare la loro vacanza e le loro esperienze di viaggio.<\/p>\n<p>[\/vc_column_text][\/vc_column][\/vc_row][vc_row][vc_column width=&#8221;1\/4&#8243;]\t\t<div class=\"homey-module module-title section-title-module text-left \">\r\n\t\t\t<h2 style=\"font-size: 40px; line-height: 60px;\">La vostra guida<\/h2>\r\n\r\n\t\t\t<p style=\"font-size: 18px; line-height: 30px;\" class=\"sub-heading\"><\/p>\r\n\t\t<\/div>\r\n\t\t[\/vc_column][vc_column width=&#8221;3\/4&#8243;][vc_column_text]Al villa Rosa bed and breakfast troverete una piccola biblioteca con guide e mappe da consultare per meglio organizzare i vostri tour e le vostre escursioni.[\/vc_column_text]<div style=\"clear:both; width:100%; height:50px\"><\/div>[\/vc_column][\/vc_row][vc_row full_width=&#8221;stretch_row&#8221; css=&#8221;.vc_custom_1542315655725{margin-bottom: -20px !important;background-color: #ffffff !important;}&#8221;][vc_column width=&#8221;2\/12&#8243;][\/vc_column][vc_column width=&#8221;8\/12&#8243;]<div style=\"clear:both; width:100%; height:60px\"><\/div>[vc_separator color=&#8221;custom&#8221; border_width=&#8221;3&#8243; el_width=&#8221;10&#8243; accent_color=&#8221;#5b8b8b&#8221;]\t\t<div class=\"homey-module module-title section-title-module text-center \">\r\n\t\t\t<h2 style=\"font-size: 40px; line-height: 50px;\">Contact us<\/h2>\r\n\r\n\t\t\t<p  class=\"sub-heading\"><\/p>\r\n\t\t<\/div>\r\n\t\t[vc_column_text css=&#8221;.vc_custom_1561966362153{padding-right: 20px !important;padding-left: 20px !important;}&#8221;][\/vc_column_text]<div style=\"clear:both; width:100%; height:30px\"><\/div>[vc_row_inner][vc_column_inner width=&#8221;1\/2&#8243;]<p class=\"wpcf7-contact-form-not-found\"><strong>Error:<\/strong> Contact form not found.<\/p>[\/vc_column_inner][vc_column_inner width=&#8221;1\/2&#8243;][vc_column_text]<strong>Address<\/strong><\/p>\n<p class=\"Didefault\">Via Dei Mulini, 4 \u2013 90015 Cefal\u00f9 (PA)<\/p>\n<p class=\"Didefault\"><strong>Phone<\/strong>: <b>+ 39 320 5577745<\/b><br \/>\n<strong>Email<\/strong>:<span class=\"Hyperlink0\"><span lang=\"EN-US\"><a href=\"mailto:homey@email.com\"><span lang=\"IT\">info@villarosacefalu.it<\/span><\/a><\/span><\/span><\/p>\n<p class=\"Didefault\"><b>Check-in:<\/b>\u00a0 12 p.m. \u2013 10 p.m. \u2013 <b>Check-out<\/b>: 10:30 a.m.<\/p>\n<p>[\/vc_column_text][vc_btn title=&#8221;&#8221; style=&#8221;outline-custom&#8221; outline_custom_color=&#8221;#506dab&#8221; outline_custom_hover_background=&#8221;#506dab&#8221; outline_custom_hover_text=&#8221;#ffffff&#8221; size=&#8221;sm&#8221; i_icon_fontawesome=&#8221;fa fa-facebook&#8221; add_icon=&#8221;true&#8221;][vc_btn title=&#8221;&#8221; style=&#8221;outline-custom&#8221; outline_custom_color=&#8221;#00aced&#8221; outline_custom_hover_background=&#8221;#00aced&#8221; outline_custom_hover_text=&#8221;#ffffff&#8221; size=&#8221;sm&#8221; i_icon_fontawesome=&#8221;fa fa-twitter&#8221; add_icon=&#8221;true&#8221;][vc_btn title=&#8221;&#8221; style=&#8221;outline-custom&#8221; outline_custom_color=&#8221;#517fa4&#8243; outline_custom_hover_background=&#8221;#517fa4&#8243; outline_custom_hover_text=&#8221;#ffffff&#8221; size=&#8221;sm&#8221; i_icon_fontawesome=&#8221;fa fa-instagram&#8221; add_icon=&#8221;true&#8221;][vc_btn title=&#8221;&#8221; style=&#8221;outline-custom&#8221; outline_custom_color=&#8221;#5b8b8b&#8221; outline_custom_hover_background=&#8221;#5b8b8b&#8221; outline_custom_hover_text=&#8221;#ffffff&#8221; size=&#8221;sm&#8221; i_icon_fontawesome=&#8221;fa fa-tripadvisor&#8221; add_icon=&#8221;true&#8221;][\/vc_column_inner][\/vc_row_inner]<div style=\"clear:both; width:100%; height:60px\"><\/div>[\/vc_column][vc_column width=&#8221;2\/12&#8243;][\/vc_column][\/vc_row]<\/p>","protected":false},"excerpt":{"rendered":"<p>[vc_row][vc_column][vc_single_image image=&#8221;2473&#8243; img_size=&#8221;1200&#215;600&#8243; alignment=&#8221;center&#8221;][\/vc_column][\/vc_row][vc_row][vc_column width=&#8221;1\/4&#8243;][\/vc_column][vc_column width=&#8221;3\/4&#8243;][vc_column_text]Era il 2007 quando ho deciso di trasformare la mia abitazione di famiglia in un bed and breakfast. La possibilit\u00e0 di conoscere nuova gente e nuove culture mi ha invogliato a intraprendere questa attivit\u00e0. Il villa Rosa bed and breakfast \u00e8 un punto di riferimento dell\u2019ospitalit\u00e0 per il vostro soggiorno [&hellip;]<\/p>\n","protected":false},"author":1,"featured_media":0,"parent":0,"menu_order":0,"comment_status":"closed","ping_status":"closed","template":"template\/template-homepage.php","meta":{"footnotes":""},"_links":{"self":[{"href":"https:\/\/villarosacefalu.com\/en\/wp-json\/wp\/v2\/pages\/1292"}],"collection":[{"href":"https:\/\/villarosacefalu.com\/en\/wp-json\/wp\/v2\/pages"}],"about":[{"href":"https:\/\/villarosacefalu.com\/en\/wp-json\/wp\/v2\/types\/page"}],"author":[{"embeddable":true,"href":"https:\/\/villarosacefalu.com\/en\/wp-json\/wp\/v2\/users\/1"}],"replies":[{"embeddable":true,"href":"https:\/\/villarosacefalu.com\/en\/wp-json\/wp\/v2\/comments?post=1292"}],"version-history":[{"count":9,"href":"https:\/\/villarosacefalu.com\/en\/wp-json\/wp\/v2\/pages\/1292\/revisions"}],"predecessor-version":[{"id":2520,"href":"https:\/\/villarosacefalu.com\/en\/wp-json\/wp\/v2\/pages\/1292\/revisions\/2520"}],"wp:attachment":[{"href":"https:\/\/villarosacefalu.com\/en\/wp-json\/wp\/v2\/media?parent=1292"}],"curies":[{"name":"wp","href":"https:\/\/api.w.org\/{rel}","templated":true}]}}

<p>[vc_row][vc_column]<div style="clear:both; width:100%; height:50px"></div>[vc_single_image image=&#8221;2473&#8243; img_size=&#8221;1200&#215;600&#8243; alignment=&#8221;center&#8221;]<div style="clear:both; width:100%; height:50px"></div>[/vc_column][/vc_row][vc_row][vc_column width=&#8221;1/4&#8243;]		<div class="homey-module module-title section-title-module text-left ">
			<h2 style="font-size: 40px; line-height: 60px;">Chi Sono</h2>

			<p style="font-size: 18px; line-height: 30px;" class="sub-heading"></p>
		</div>
		[/vc_column][vc_column width=&#8221;3/4&#8243;][vc_column_text]Era il 2007 quando ho deciso di trasformare la mia abitazione di famiglia in un bed and breakfast. La possibilità di conoscere nuova gente e nuove culture mi ha invogliato a intraprendere questa attività. Il villa Rosa bed and breakfast è un punto di riferimento dell’ospitalità per il vostro soggiorno nella città di Cefalù.[/vc_column_text][/vc_column][/vc_row][vc_row][vc_column width=&#8221;1/4&#8243;]		<div class="homey-module module-title section-title-module text-left ">
			<h2 style="font-size: 40px; line-height: 60px;">La mie passioni</h2>

			<p style="font-size: 18px; line-height: 30px;" class="sub-heading"></p>
		</div>
		[/vc_column][vc_column width=&#8221;3/4&#8243;][vc_column_text]Sono un appassionato di tutti gli sport all’aria aperta e a stretto contatto con la natura. Pratico il trekking, la MTB e la corsa in montagna. Conosco gran parte degli itinerari e dei sentieri all’interno dei parchi e delle riserve naturali di Sicilia. Sono sempre disponibile per dare a miei ospiti tutte le informazioni necessarie per meglio organizzare la loro vacanza e le loro esperienze di viaggio.</p>
<p>[/vc_column_text][/vc_column][/vc_row][vc_row][vc_column width=&#8221;1/4&#8243;]		<div class="homey-module module-title section-title-module text-left ">
			<h2 style="font-size: 40px; line-height: 60px;">La vostra guida</h2>

			<p style="font-size: 18px; line-height: 30px;" class="sub-heading"></p>
		</div>
		[/vc_column][vc_column width=&#8221;3/4&#8243;][vc_column_text]Al villa Rosa bed and breakfast troverete una piccola biblioteca con guide e mappe da consultare per meglio organizzare i vostri tour e le vostre escursioni.[/vc_column_text]<div style="clear:both; width:100%; height:50px"></div>[/vc_column][/vc_row][vc_row full_width=&#8221;stretch_row&#8221; css=&#8221;.vc_custom_1542315655725{margin-bottom: -20px !important;background-color: #ffffff !important;}&#8221;][vc_column width=&#8221;2/12&#8243;][/vc_column][vc_column width=&#8221;8/12&#8243;]<div style="clear:both; width:100%; height:60px"></div>[vc_separator color=&#8221;custom&#8221; border_width=&#8221;3&#8243; el_width=&#8221;10&#8243; accent_color=&#8221;#5b8b8b&#8221;]		<div class="homey-module module-title section-title-module text-center ">
			<h2 style="font-size: 40px; line-height: 50px;">Contact us</h2>

			<p  class="sub-heading"></p>
		</div>
		[vc_column_text css=&#8221;.vc_custom_1561966362153{padding-right: 20px !important;padding-left: 20px !important;}&#8221;][/vc_column_text]<div style="clear:both; width:100%; height:30px"></div>[vc_row_inner][vc_column_inner width=&#8221;1/2&#8243;]<p class="wpcf7-contact-form-not-found"><strong>Error:</strong> Contact form not found.</p>[/vc_column_inner][vc_column_inner width=&#8221;1/2&#8243;][vc_column_text]<strong>Address</strong></p>
<p class="Didefault">Via Dei Mulini, 4 – 90015 Cefalù (PA)</p>
<p class="Didefault"><strong>Phone</strong>: <b>+ 39 320 5577745</b><br />
<strong>Email</strong>:<span class="Hyperlink0"><span lang="EN-US"><a href="mailto:homey@email.com"><span lang="IT">info@villarosacefalu.it</span></a></span></span></p>
<p class="Didefault"><b>Check-in:</b>  12 p.m. – 10 p.m. – <b>Check-out</b>: 10:30 a.m.</p>
<p>[/vc_column_text][vc_btn title=&#8221;&#8221; style=&#8221;outline-custom&#8221; outline_custom_color=&#8221;#506dab&#8221; outline_custom_hover_background=&#8221;#506dab&#8221; outline_custom_hover_text=&#8221;#ffffff&#8221; size=&#8221;sm&#8221; i_icon_fontawesome=&#8221;fa fa-facebook&#8221; add_icon=&#8221;true&#8221;][vc_btn title=&#8221;&#8221; style=&#8221;outline-custom&#8221; outline_custom_color=&#8221;#00aced&#8221; outline_custom_hover_background=&#8221;#00aced&#8221; outline_custom_hover_text=&#8221;#ffffff&#8221; size=&#8221;sm&#8221; i_icon_fontawesome=&#8221;fa fa-twitter&#8221; add_icon=&#8221;true&#8221;][vc_btn title=&#8221;&#8221; style=&#8221;outline-custom&#8221; outline_custom_color=&#8221;#517fa4&#8243; outline_custom_hover_background=&#8221;#517fa4&#8243; outline_custom_hover_text=&#8221;#ffffff&#8221; size=&#8221;sm&#8221; i_icon_fontawesome=&#8221;fa fa-instagram&#8221; add_icon=&#8221;true&#8221;][vc_btn title=&#8221;&#8221; style=&#8221;outline-custom&#8221; outline_custom_color=&#8221;#5b8b8b&#8221; outline_custom_hover_background=&#8221;#5b8b8b&#8221; outline_custom_hover_text=&#8221;#ffffff&#8221; size=&#8221;sm&#8221; i_icon_fontawesome=&#8221;fa fa-tripadvisor&#8221; add_icon=&#8221;true&#8221;][/vc_column_inner][/vc_row_inner]<div style="clear:both; width:100%; height:60px"></div>[/vc_column][vc_column width=&#8221;2/12&#8243;][/vc_column][/vc_row]</p>

<p>[vc_row][vc_column][vc_single_image image=&#8221;2473&#8243; img_size=&#8221;1200&#215;600&#8243; alignment=&#8221;center&#8221;][/vc_column][/vc_row][vc_row][vc_column width=&#8221;1/4&#8243;][/vc_column][vc_column width=&#8221;3/4&#8243;][vc_column_text]Era il 2007 quando ho deciso di trasformare la mia abitazione di famiglia in un bed and breakfast. La possibilità di conoscere nuova gente e nuove culture mi ha invogliato a intraprendere questa attività. Il villa Rosa bed and breakfast è un punto di riferimento dell’ospitalità per il vostro soggiorno [&hellip;]</p>
